{"id":293,"date":"2022-01-13T09:29:13","date_gmt":"2022-01-13T09:29:13","guid":{"rendered":"https:\/\/jennifer-sonntag.de\/?page_id=293"},"modified":"2026-03-06T11:19:03","modified_gmt":"2026-03-06T11:19:03","slug":"kolumne","status":"publish","type":"page","link":"https:\/\/jennifer-sonntag.de\/index.php\/kolumne\/","title":{"rendered":"Clips"},"content":{"rendered":"\n<h2 class=\"wp-block-heading\">Mit anderen Augen<\/h2>\n\n\n\n<p>Auf den folgenden Seiten stelle ich eine Auswahl meiner Fernsehkolumnen zum Schauen und Lauschen bereit, die ich von 2019-2022 mit MDR-&#8222;Selbstbestimmt!&#8220; umgesetzt habe. Darin blicke ich &#8222;Mit anderen Augen&#8220; auf h\u00e4ufig \u00fcbersehene Themen, rund um Inklusion und Teilhabe.<\/p>\n\n\n\n<p>Die Beitr\u00e4ge spiegeln den Produktionsstil und die redaktionellen Perspektiven jener Jahre wider. Dieser zeitliche Kontext kann beim Anschauen oder Anh\u00f6ren hilfreich sein. Viele der behandelten Themen begleiten meine Arbeit jedoch bis heute und bleiben weiterhin relevant.<\/p>\n\n\n\n<p>Zahlreiche Fotos und Hintergrundinformationen zu meinem Promi-Talk &#8222;SonntagsFragen&#8220;, die ich von 2008-2018 moderierte, sind unter gleichnamiger Rubrik auf meiner <a href=\"http:\/\/www.blindverstehen.de\" target=\"_blank\" rel=\"noreferrer noopener\">Archivseite<\/a> zu finden.<\/p>\n\n\n\n<h2 class=\"wp-block-heading\">Videoclips 2022<\/h2>\n\n\n\n<h3 class=\"wp-block-heading\">Blind auf Augenh\u00f6he (Mit anderen Augen 2022\/12)<\/h3>\n\n\n\n<figure class=\"wp-block-video\"><video controls src=\"https:\/\/jennifer-sonntag.de\/wp-content\/uploads\/2023\/02\/Blind-auf-Augenhoehe.mp4\"><\/video><figcaption class=\"wp-element-caption\">Blind auf Augenh\u00f6he<\/figcaption><\/figure>\n\n\n\n<h3 class=\"wp-block-heading\">Depression trifft Inklusion (Mit anderen Augen 2022\/10)<\/h3>\n\n\n\n<figure class=\"wp-block-video\"><video controls src=\"https:\/\/jennifer-sonntag.de\/wp-content\/uploads\/2023\/02\/Depression.mp4\"><\/video><figcaption class=\"wp-element-caption\">Depression trifft Inklusion<\/figcaption><\/figure>\n\n\n\n<h3 class=\"wp-block-heading\">Inklusion in der Schule (Mit anderen Augen 2022\/08)<\/h3>\n\n\n\n<figure class=\"wp-block-video\"><video controls src=\"https:\/\/jennifer-sonntag.de\/wp-content\/uploads\/2023\/02\/Schule.mp4\"><\/video><figcaption class=\"wp-element-caption\">Inklusion in der Schule<\/figcaption><\/figure>\n\n\n\n<h3 class=\"wp-block-heading\">Selbstverteidigung f\u00fcr blinde Frauen ( Mit anderen Augen 2022\/06) <\/h3>\n\n\n\n<figure class=\"wp-block-video\"><video controls src=\"https:\/\/jennifer-sonntag.de\/wp-content\/uploads\/2023\/02\/Selbstverteidigung.mp4\"><\/video><figcaption class=\"wp-element-caption\">Selbstverteidigung f\u00fcr blinde Frauen<\/figcaption><\/figure>\n\n\n\n<h3 class=\"wp-block-heading\"> Stock mit Stil (Mit anderen Augen 2022\/04)<\/h3>\n\n\n\n<figure class=\"wp-block-video\"><video controls src=\"https:\/\/jennifer-sonntag.de\/wp-content\/uploads\/2023\/02\/Stock-mit-Stil.mp4\"><\/video><figcaption class=\"wp-element-caption\">Stock mit Stil<\/figcaption><\/figure>\n\n\n\n<h3 class=\"wp-block-heading\">Mobbingerfahrungen behinderter Menschen (Mit anderen Augen 2022\/02)<\/h3>\n\n\n\n<figure class=\"wp-block-video\"><video controls src=\"https:\/\/jennifer-sonntag.de\/wp-content\/uploads\/2022\/06\/Mobbing.mp4\"><\/video><figcaption class=\"wp-element-caption\">Mobbingerfahrung behinderter Menschen<\/figcaption><\/figure>\n\n\n\n<hr class=\"wp-block-separator has-css-opacity\"\/>\n\n\n\n<h2 class=\"wp-block-heading\"><a href=\"https:\/\/jennifer-sonntag.de\/index.php\/videoclips-2021\/\" data-type=\"page\" data-id=\"475\">Videoclips 2021<\/a><\/h2>\n\n\n\n<h2 class=\"wp-block-heading\"><a href=\"https:\/\/jennifer-sonntag.de\/index.php\/videoclips-2020\/\" data-type=\"page\" data-id=\"477\">Videoclips 2020<\/a><\/h2>\n\n\n\n<h2 class=\"wp-block-heading\"><a href=\"https:\/\/jennifer-sonntag.de\/index.php\/videoclips-2019\/\" data-type=\"page\" data-id=\"479\">Videoclips 2019<\/a><\/h2>\n\n\n\n<h3 class=\"wp-block-heading\"><br><\/h3>\n","protected":false},"excerpt":{"rendered":"<p>Mit anderen Augen Auf den folgenden Seiten stelle ich eine Auswahl meiner Fernsehkolumnen zum Schauen und Lauschen bereit, die ich von 2019-2022 mit MDR-&#8222;Selbstbestimmt!&#8220; umgesetzt habe. Darin blicke ich &#8222;Mit anderen Augen&#8220; auf h\u00e4ufig \u00fcbersehene Themen, rund um Inklusion und Teilhabe. Die Beitr\u00e4ge spiegeln den Produktionsstil und die redaktionellen Perspektiven jener Jahre wider. Dieser zeitliche [&hellip;]<\/p>\n","protected":false},"author":1,"featured_media":0,"parent":0,"menu_order":0,"comment_status":"closed","ping_status":"closed","template":"","meta":{"footnotes":""},"class_list":["post-293","page","type-page","status-publish","hentry"],"_links":{"self":[{"href":"https:\/\/jennifer-sonntag.de\/index.php\/wp-json\/wp\/v2\/pages\/293"}],"collection":[{"href":"https:\/\/jennifer-sonntag.de\/index.php\/wp-json\/wp\/v2\/pages"}],"about":[{"href":"https:\/\/jennifer-sonntag.de\/index.php\/wp-json\/wp\/v2\/types\/page"}],"author":[{"embeddable":true,"href":"https:\/\/jennifer-sonntag.de\/index.php\/wp-json\/wp\/v2\/users\/1"}],"replies":[{"embeddable":true,"href":"https:\/\/jennifer-sonntag.de\/index.php\/wp-json\/wp\/v2\/comments?post=293"}],"version-history":[{"count":30,"href":"https:\/\/jennifer-sonntag.de\/index.php\/wp-json\/wp\/v2\/pages\/293\/revisions"}],"predecessor-version":[{"id":892,"href":"https:\/\/jennifer-sonntag.de\/index.php\/wp-json\/wp\/v2\/pages\/293\/revisions\/892"}],"wp:attachment":[{"href":"https:\/\/jennifer-sonntag.de\/index.php\/wp-json\/wp\/v2\/media?parent=293"}],"curies":[{"name":"wp","href":"https:\/\/api.w.org\/{rel}","templated":true}]}}