{"id":821,"date":"2024-10-30T08:56:40","date_gmt":"2024-10-30T08:56:40","guid":{"rendered":"https:\/\/jennifer-sonntag.de\/?page_id=821"},"modified":"2026-03-09T08:14:47","modified_gmt":"2026-03-09T08:14:47","slug":"podcasts","status":"publish","type":"page","link":"https:\/\/jennifer-sonntag.de\/index.php\/podcasts\/","title":{"rendered":"Podcasts"},"content":{"rendered":"\n<h2 class=\"wp-block-heading\">IGEL Podcast<\/h2>\n\n\n\n<figure class=\"wp-block-image size-large\"><img loading=\"lazy\" decoding=\"async\" width=\"1024\" height=\"1024\" src=\"https:\/\/jennifer-sonntag.de\/wp-content\/uploads\/2024\/11\/Sonntag-trifft-IGEL-1024x1024.jpg\" alt=\"Das Bild ist eine Ank\u00fcndigung f\u00fcr einen Podcast. Oben steht &quot;OUT NOW! Don't Miss It!&quot; in wei\u00dfer Schrift auf einem t\u00fcrkisfarbenen Hintergrund. Darunter ist ein kreisf\u00f6rmiges Bild mit zwei Personen: links eine Frau mit langen dunklen Haaren und roten Ohrringen, die in Farbe dargestellt ist, und rechts ein Mann mit Bart in einem karierten Hemd, der in Schwarz-Wei\u00df dargestellt ist. Unter dem Bild steht: &quot;Sonntag trifft IGE Jeden 3. Sonntag im Monat im IGEL Podcast&quot;. Darunter steht: &quot;Der Sonntagstalk mit Jennifer Sonntag und Sascha Lang&quot;. Ganz unten rechts steht: &quot;Coverdesign by Gordon Meyrath&quot;. Der Hintergrund ist in verschiedenen T\u00fcrkist\u00f6nen gehalten.\" class=\"wp-image-830\" srcset=\"https:\/\/jennifer-sonntag.de\/wp-content\/uploads\/2024\/11\/Sonntag-trifft-IGEL-1024x1024.jpg 1024w, https:\/\/jennifer-sonntag.de\/wp-content\/uploads\/2024\/11\/Sonntag-trifft-IGEL-300x300.jpg 300w, https:\/\/jennifer-sonntag.de\/wp-content\/uploads\/2024\/11\/Sonntag-trifft-IGEL-150x150.jpg 150w, https:\/\/jennifer-sonntag.de\/wp-content\/uploads\/2024\/11\/Sonntag-trifft-IGEL-768x768.jpg 768w, https:\/\/jennifer-sonntag.de\/wp-content\/uploads\/2024\/11\/Sonntag-trifft-IGEL-1200x1200.jpg 1200w, https:\/\/jennifer-sonntag.de\/wp-content\/uploads\/2024\/11\/Sonntag-trifft-IGEL.jpg 1400w\" sizes=\"(max-width: 1024px) 100vw, 1024px\" \/><\/figure>\n\n\n\n<p>Unter der Rubrik \u201eSonntag trifft IGEL\u201c l\u00e4dt mich Host Sascha Lang seit 2023 jeden dritten Sonntag im Monat in seinen \u201eIGEL\u201c-Podcast ein. IGEL hei\u00dft: Inklusion ganz einfach leben. Und wie bei einem echten Igel, wird es bei uns manchmal auch ein bisschen stachlig. Wir beschnuppern mit unseren Igelnasen Themen rund um Inklusion und Teilhabe, Barrierefreiheit und Selbstbestimmung. Dabei wollen wir jedoch nicht nur senden, sondern auch empfangen. So greifen wir regelm\u00e4\u00dfig auch Feedbacks und Inputs auf, die unsere Community bewegen. Au\u00dferdem sch\u00e4tzen Sascha und ich es sehr, dass zwei blinde Menschen manche Dinge auch mal unterschiedlich \u201esehen\u201c d\u00fcrfen. Alle Igel-Folgen mit Sascha Lang und seinen G\u00e4st*innen bieten inklusiven Mehrwert und sind ein echter H\u00f6rtipp. Hier geht\u2019s zur Folgen\u00fcbersicht mit allen Episoden, darunter auch unsere monatlichen Sonntags-Talks (externer Link):<\/p>\n\n\n\n<p><a href=\"https:\/\/letscast.fm\/podcasts\/igel-inklusion-ganz-einfach-leben-95d8e333\/feed\" target=\"_blank\" rel=\"noreferrer noopener\">https:\/\/letscast.fm\/podcasts\/igel-inklusion-ganz-einfach-leben-95d8e333\/feed<\/a> <\/p>\n\n\n\n<p>Hier geht es zu den Kobinet-Berichten \u00fcber die bisherigen Ank\u00fcndigungen der Igel-Podcast-Reihe <a href=\"https:\/\/jennifer-sonntag.de\/index.php\/links-zu-den-kobinet-berichten\/\" data-type=\"page\" data-id=\"915\" target=\"_blank\" rel=\"noreferrer noopener\">\u201cSonntag trifft Igel\u201c<\/a><\/p>\n\n\n\n<h2 class=\"wp-block-heading\">Weitere Formate<\/h2>\n\n\n\n<figure class=\"wp-block-video\"><video controls src=\"https:\/\/jennifer-sonntag.de\/wp-content\/uploads\/2025\/01\/Reel-Podcast.mp4\"><\/video><figcaption class=\"wp-element-caption\">Reel zum Sichtbar-Podcast<\/figcaption><\/figure>\n\n\n\n<p>Auch in anderen Podcasts stehe ich Rede und Antwort zu meinen Themen. Im \u201eSichtbar\u201c-Podcast spreche ich Beispielsweise \u00fcber meine Arbeit als feministische Autorin (externer Link): <a href=\"https:\/\/www.podcast.de\/episode\/642098189\/behinderung-feminismus-und-lifestyle\" target=\"_blank\" rel=\"noreferrer noopener\">https:\/\/www.podcast.de\/episode\/642098189\/behinderung-feminismus-und-lifestyle<\/a> <\/p>\n\n\n\n<p>In \u201eGanz Ohr\u201c berichte ich von meinem Engagement bei der Initiative Barrierefrei Feiern (externer Link): <a href=\"https:\/\/storage.pinecast.net\/podcasts\/c0ef70c9-2351-438a-ad57-ff55c706984e\/audio\/93be79ec-64e4-4c37-948c-d50acc80c0b9\/GO_Festivals.mp3\" target=\"_blank\" rel=\"noreferrer noopener\">https:\/\/storage.pinecast.net\/podcasts\/c0ef70c9-2351-438a-ad57-ff55c706984e\/audio\/93be79ec-64e4-4c37-948c-d50acc80c0b9\/GO_Festivals.mp3<\/a><\/p>\n\n\n\n<p>Bei \u201eFasynation\u201c erz\u00e4hle ich von meinem Leben mit sichtbarer und unsichtbarer Behinderung (externer Link): <a href=\"https:\/\/fasynation.letscast.fm\/episode\/im-dunkeln-stark-die-tv-moderatorin-jennifer-sonntag-spricht-sehr-ehrlich-ueber-ihre-blindheit-fatigue-und-fibromyalgie-85-3eb17a76-595d-4f9d-9054-235bbb634e65\" target=\"_blank\" rel=\"noreferrer noopener\">https:\/\/fasynation.letscast.fm\/episode\/im-dunkeln-stark-die-tv-moderatorin-jennifer-sonntag-spricht-sehr-ehrlich-ueber-ihre-blindheit-fatigue-und-fibromyalgie-85-3eb17a76-595d-4f9d-9054-235bbb634e65<\/a><\/p>\n\n\n\n<p><\/p>\n","protected":false},"excerpt":{"rendered":"<p>IGEL Podcast Unter der Rubrik \u201eSonntag trifft IGEL\u201c l\u00e4dt mich Host Sascha Lang seit 2023 jeden dritten Sonntag im Monat in seinen \u201eIGEL\u201c-Podcast ein. IGEL hei\u00dft: Inklusion ganz einfach leben. Und wie bei einem echten Igel, wird es bei uns manchmal auch ein bisschen stachlig. Wir beschnuppern mit unseren Igelnasen Themen rund um Inklusion und [&hellip;]<\/p>\n","protected":false},"author":1,"featured_media":0,"parent":0,"menu_order":0,"comment_status":"closed","ping_status":"closed","template":"","meta":{"footnotes":""},"class_list":["post-821","page","type-page","status-publish","hentry"],"_links":{"self":[{"href":"https:\/\/jennifer-sonntag.de\/index.php\/wp-json\/wp\/v2\/pages\/821"}],"collection":[{"href":"https:\/\/jennifer-sonntag.de\/index.php\/wp-json\/wp\/v2\/pages"}],"about":[{"href":"https:\/\/jennifer-sonntag.de\/index.php\/wp-json\/wp\/v2\/types\/page"}],"author":[{"embeddable":true,"href":"https:\/\/jennifer-sonntag.de\/index.php\/wp-json\/wp\/v2\/users\/1"}],"replies":[{"embeddable":true,"href":"https:\/\/jennifer-sonntag.de\/index.php\/wp-json\/wp\/v2\/comments?post=821"}],"version-history":[{"count":6,"href":"https:\/\/jennifer-sonntag.de\/index.php\/wp-json\/wp\/v2\/pages\/821\/revisions"}],"predecessor-version":[{"id":920,"href":"https:\/\/jennifer-sonntag.de\/index.php\/wp-json\/wp\/v2\/pages\/821\/revisions\/920"}],"wp:attachment":[{"href":"https:\/\/jennifer-sonntag.de\/index.php\/wp-json\/wp\/v2\/media?parent=821"}],"curies":[{"name":"wp","href":"https:\/\/api.w.org\/{rel}","templated":true}]}}