{"id":915,"date":"2026-03-09T07:28:27","date_gmt":"2026-03-09T07:28:27","guid":{"rendered":"https:\/\/jennifer-sonntag.de\/?page_id=915"},"modified":"2026-03-09T08:15:29","modified_gmt":"2026-03-09T08:15:29","slug":"links-zu-den-kobinet-berichten","status":"publish","type":"page","link":"https:\/\/jennifer-sonntag.de\/index.php\/links-zu-den-kobinet-berichten\/","title":{"rendered":"Links zu den kobinet-Berichten \u00fcber die bisherigen Ank\u00fcndigungen der IGEL-Podcast-Reihe \u201eSonntag trifft IGEL\u201c"},"content":{"rendered":"\n<p><a href=\"https:\/\/kobinet-nachrichten.org\/2026\/01\/19\/reden-wir-darueber-behinderung-begehren-und-selbstbestimmung-im-podcast-sonntag-trifft-igel\/\" target=\"_blank\" rel=\"noreferrer noopener\">Link zur Ank\u00fcndigung des IGEL-Podcast Sonntag trifft IGEL vom Januar 2026<\/a><\/p>\n\n\n\n<p><a href=\"https:\/\/kobinet-nachrichten.org\/2025\/12\/21\/300-episode-des-igel-podcast-vom-kabuff-zur-community-wie-aus-einer-idee-ein-inklusionspodcast-wurde\/\" target=\"_blank\" rel=\"noreferrer noopener\">Link zur Ank\u00fcndigung des IGEL-Podcast Sonntag trifft IGEL vom Dezember 2025<\/a><\/p>\n\n\n\n<p><a href=\"https:\/\/kobinet-nachrichten.org\/2025\/11\/30\/begehrt-benutzt-begrenzt-wenn-behinderung-zum-fetisch-wird\/\" target=\"_blank\" rel=\"noreferrer noopener\">Link zur Ank\u00fcndigung des IGEL-Podcast Sonntag trifft IGEL vom November 2025<\/a><\/p>\n\n\n\n<p><a href=\"https:\/\/kobinet-nachrichten.org\/2025\/10\/20\/blinde-wieder-sehend-machen-zwischen-versprechen-wissenschaft-forschung-scharlatanismus-und-hoffnung\/\" target=\"_blank\" rel=\"noreferrer noopener\">Link zur Ank\u00fcndigung des IGEL-Podcast Sonntag trifft IGEL vom Oktober 2025<\/a><\/p>\n\n\n\n<p><a href=\"https:\/\/kobinet-nachrichten.org\/2025\/09\/21\/sonntag-trifft-igel-mobbing-stoppen-kinder-wie-erwachsene-brauchen-schutz\/\" target=\"_blank\" rel=\"noreferrer noopener\">Link zur Ank\u00fcndigung des IGEL-Podcast Sonntag trifft IGEL vom September 2025<\/a><\/p>\n\n\n\n<p><a href=\"https:\/\/kobinet-nachrichten.org\/2025\/07\/21\/zwischen-boje-und-bot-ueber-ki-barrieren-und-persoenliche-freiheit\/\" target=\"_blank\" rel=\"noreferrer noopener\">Link zur Ank\u00fcndigung des IGEL-Podcast Sonntag trifft IGEL vom Juli 2025<\/a><\/p>\n\n\n\n<p><a href=\"https:\/\/kobinet-nachrichten.org\/2025\/06\/15\/man-sieht-nur-mit-dem-herzen-gut-das-wesentliche-bleibt-der-ki-verborgen\/\" target=\"_blank\" rel=\"noreferrer noopener\">Link zur Ank\u00fcndigung des IGEL-Podcast Sonntag trifft IGEL vom Juni 2025<\/a><\/p>\n\n\n\n<p><a href=\"https:\/\/kobinet-nachrichten.org\/2025\/05\/19\/unsichtbar-gemacht-wenn-buerokratie-behindertenrechte-verhindert\/\" target=\"_blank\" rel=\"noreferrer noopener\">Link zur Ank\u00fcndigung des IGEL-Podcast Sonntag trifft IGEL vom Mai 2025<\/a><\/p>\n\n\n\n<p><a href=\"https:\/\/kobinet-nachrichten.org\/2025\/04\/21\/ist-unsichtbar-wirklich-unsichtbar-oder-schauen-wir-nicht-richtig-hin\/\" target=\"_blank\" rel=\"noreferrer noopener\">Link zur Ank\u00fcndigung des IGEL-Podcast Sonntag trifft IGEL vom April 2025<\/a><\/p>\n\n\n\n<p><a href=\"https:\/\/podcasts.apple.com\/de\/podcast\/politik-im-alltag-f%C3%BCr-uns-menschen-mit-behinderung\/id1563364492?i=1000699369159\" target=\"_blank\" rel=\"noreferrer noopener\">Link zur Ank\u00fcndigung des IGEL-Podcast Sonntag trifft IGEL vom M\u00e4rz 2025<\/a><\/p>\n\n\n\n<p><a href=\"https:\/\/kobinet-nachrichten.org\/2025\/02\/17\/podcast-sonntag-trifft-igel-waehlen-ist-auch-unser-recht\/\" target=\"_blank\" rel=\"noreferrer noopener\">Link zur Ank\u00fcndigung des IGEL-Podcast Sonntag trifft IGEL vom Februar 2025<\/a><\/p>\n\n\n\n<p><a href=\"https:\/\/kobinet-nachrichten.org\/2025\/01\/19\/podcast-sonntag-trifft-igel-die-brailleschrift-wie-sie-uns-gepraegt-hat\/\" target=\"_blank\" rel=\"noreferrer noopener\">Link zur Ank\u00fcndigung des IGEL-Podcast Sonntag trifft IGEL vom Januar 2025<\/a><\/p>\n\n\n\n<p><a href=\"https:\/\/kobinet-nachrichten.org\/2024\/12\/17\/von-weihnachten-zur-feedbackrunde-humor-sonntag-trifft-igel\/\" target=\"_blank\" rel=\"noreferrer noopener\">Link zur Ank\u00fcndigung des IGEL-Podcast Sonntag trifft IGEL vom Dezember 2024<\/a><\/p>\n\n\n\n<p><a href=\"https:\/\/kobinet-nachrichten.org\/2024\/11\/18\/podcast-sonntag-trifft-igel-wie-weit-darf-comedy-gehen\/\" target=\"_blank\" rel=\"noreferrer noopener\">Link zur Ank\u00fcndigung des IGEL-Podcast Sonntag trifft IGEL vom November 2024<\/a><\/p>\n\n\n\n<p><a href=\"https:\/\/kobinet-nachrichten.org\/2024\/10\/20\/diskriminierung-und-ihre-folgen-feedbackrunde-des-igel-podcast\/\" target=\"_blank\" rel=\"noreferrer noopener\">Link zur Ank\u00fcndigung des IGEL-Podcast Sonntag trifft IGEL vom Oktober 2024<\/a><\/p>\n\n\n\n<p><a href=\"https:\/\/kobinet-nachrichten.org\/2024\/09\/22\/podcast-sonntag-trifft-igel-wie-gehen-wir-mit-diskriminierung-um\/\" target=\"_blank\" rel=\"noreferrer noopener\">Link zur Ank\u00fcndigung des IGEL-Podcast Sonntag trifft IGEL vom September 2024<\/a><\/p>\n\n\n\n<p><a href=\"https:\/\/kobinet-nachrichten.org\/2024\/06\/16\/podcast-feedback-zu-barrierefreie-teilhabe-kennt-noch-viele-huerden\/\" target=\"_blank\" rel=\"noreferrer noopener\">Link zur Ausgabe des IGEL-Podcast Sonntag trifft IGEL vom Juni 2024<\/a><\/p>\n\n\n\n<p><a href=\"https:\/\/kobinet-nachrichten.org\/2024\/05\/20\/die-festivalsaison-barrierefreie-teilhabe-kennt-noch-viele-huerden\/\" target=\"_blank\" rel=\"noreferrer noopener\">Link zur Ausgabe des IGEL-Podcast Sonntag trifft IGEL vom Mai 2024<\/a><\/p>\n\n\n\n<p><a href=\"https:\/\/kobinet-nachrichten.org\/2024\/04\/21\/sonntag-trifft-igel-der-nachteilsausgleich-ist-kein-vorteil\/\" target=\"_blank\" rel=\"noreferrer noopener\">Link zur Ausgabe des IGEL-Podcast Sonntag trifft IGEL vom April 2024<\/a><\/p>\n\n\n\n<p><a href=\"https:\/\/kobinet-nachrichten.org\/2024\/03\/17\/igel-podcast-2-feedbackrunde-sonntag-trifft-igel\/\" target=\"_blank\" rel=\"noreferrer noopener\">Link zur Ausgabe des IGEL-Podcast Sonntag trifft IGEL vom M\u00e4rz 2024<\/a><\/p>\n\n\n\n<p><a href=\"https:\/\/kobinet-nachrichten.org\/2024\/02\/18\/sonntag-trifft-igel-und-ellen-keune-zur-persoenlichen-zukunftsplanung\/\" target=\"_blank\" rel=\"noreferrer noopener\">Link zur Ausgabe des IGEL-Podcast Sonntag trifft IGEL vom Februar 2024<\/a><\/p>\n\n\n\n<p><a href=\"https:\/\/kobinet-nachrichten.org\/2024\/01\/21\/du-hast-meinen-arbeitsplatz-moechtest-du-auch-meine-behinderung\/\" target=\"_blank\" rel=\"noreferrer noopener\">Link zur Ausgabe des IGEL-Podcast Sonntag trifft IGEL vom Januar 2024<\/a><\/p>\n\n\n\n<p><a href=\"https:\/\/kobinet-nachrichten.org\/2023\/12\/18\/wenn-der-blindenfuehrhund-die-autonomie-verstaerkt-paul-trifft-toskana\/\" target=\"_blank\" rel=\"noreferrer noopener\">Link zur Ausgabe des IGEL-Podcast Sonntag trifft IGEL vom Dezember 2023<\/a><\/p>\n\n\n\n<p><a href=\"https:\/\/kobinet-nachrichten.org\/2023\/11\/20\/sonntag-traf-igel-blind-facing-wenn-andere-in-die-falsche-rolle-schluepfen\/\" target=\"_blank\" rel=\"noreferrer noopener\">Link zur Ausgabe des IGEL-Podcast Sonntag trifft IGEL vom November 2023<\/a><\/p>\n\n\n\n<p><a href=\"https:\/\/kobinet-nachrichten.org\/2023\/10\/17\/ein-like-fuers-auge-jennifer-sonntag-traf-den-igel-podcast\/\" target=\"_blank\" rel=\"noreferrer noopener\">Link zur Ausgabe des IGEL-Podcast Sonntag trifft IGEL vom Oktober 2023<\/a><\/p>\n\n\n\n<p><a href=\"https:\/\/kobinet-nachrichten.org\/2023\/09\/18\/igel-trifft-sonntag-feedback-podcast-zu-10-mal-besser\/\" target=\"_blank\" rel=\"noreferrer noopener\">Link zur Ausgabe des IGEL-Podcast Sonntag trifft IGEL vom September 2023<\/a><\/p>\n\n\n\n<p><a href=\"https:\/\/kobinet-nachrichten.org\/2023\/07\/16\/sonntag-trifft-igel-wie-siehst-du-denn-aus-mode-und-stil-mit-gefuehl\/\" target=\"_blank\" rel=\"noreferrer noopener\">Link zur Ausgabe des IGEL-Podcast Sonntag trifft IGEL vom Juli 2023<\/a><\/p>\n\n\n\n<p><a href=\"https:\/\/kobinet-nachrichten.org\/2023\/06\/19\/10-mal-besser-muss-das-sein-sonntag-trifft-igel-im-podcast\/\" target=\"_blank\" rel=\"noreferrer noopener\">Link zur Ausgabe des IGEL-Podcast Sonntag trifft IGEL vom Juni 2023<\/a><\/p>\n\n\n\n<p><a href=\"https:\/\/kobinet-nachrichten.org\/2023\/05\/22\/so-bunt-ist-die-behinderungsverarbeitung-sonntag-trifft-igel-im-podcast\/\" target=\"_blank\" rel=\"noreferrer noopener\">Link zur Ausgabe des IGEL-Podcast Sonntag trifft IGEL vom Mai 2023<\/a><\/p>\n\n\n\n<p><a href=\"https:\/\/kobinet-nachrichten.org\/2023\/04\/16\/sonntag-trifft-igel-liebe-mit-laufmaschen-von-trennung-partnerschaft-liebe-sex-und-erotik\/\" target=\"_blank\" rel=\"noreferrer noopener\">Link zur Ausgabe des IGEL-Podcast Sonntag trifft IGEL vom April 2023<\/a><\/p>\n\n\n\n<p><a href=\"https:\/\/kobinet-nachrichten.org\/2023\/03\/19\/sonntag-trifft-igel-wenn-vorbilder-aufladen\/\" target=\"_blank\" rel=\"noreferrer noopener\">Link zur Ausgabe des IGEL-Podcast Sonntag trifft IGEL vom M\u00e4rz 2023<\/a><\/p>\n\n\n\n<div class=\"wp-block-buttons is-content-justification-center is-layout-flex wp-container-core-buttons-is-layout-1 wp-block-buttons-is-layout-flex\">\n<div class=\"wp-block-button\"><a class=\"wp-block-button__link wp-element-button\" href=\"https:\/\/jennifer-sonntag.de\/index.php\/podcasts\/\">Zur\u00fcck<\/a><\/div>\n<\/div>\n","protected":false},"excerpt":{"rendered":"<p>Link zur Ank\u00fcndigung des IGEL-Podcast Sonntag trifft IGEL vom Januar 2026 Link zur Ank\u00fcndigung des IGEL-Podcast Sonntag trifft IGEL vom Dezember 2025 Link zur Ank\u00fcndigung des IGEL-Podcast Sonntag trifft IGEL vom November 2025 Link zur Ank\u00fcndigung des IGEL-Podcast Sonntag trifft IGEL vom Oktober 2025 Link zur Ank\u00fcndigung des IGEL-Podcast Sonntag trifft IGEL vom September 2025 [&hellip;]<\/p>\n","protected":false},"author":1,"featured_media":0,"parent":0,"menu_order":0,"comment_status":"closed","ping_status":"closed","template":"","meta":{"footnotes":""},"class_list":["post-915","page","type-page","status-publish","hentry"],"_links":{"self":[{"href":"https:\/\/jennifer-sonntag.de\/index.php\/wp-json\/wp\/v2\/pages\/915"}],"collection":[{"href":"https:\/\/jennifer-sonntag.de\/index.php\/wp-json\/wp\/v2\/pages"}],"about":[{"href":"https:\/\/jennifer-sonntag.de\/index.php\/wp-json\/wp\/v2\/types\/page"}],"author":[{"embeddable":true,"href":"https:\/\/jennifer-sonntag.de\/index.php\/wp-json\/wp\/v2\/users\/1"}],"replies":[{"embeddable":true,"href":"https:\/\/jennifer-sonntag.de\/index.php\/wp-json\/wp\/v2\/comments?post=915"}],"version-history":[{"count":2,"href":"https:\/\/jennifer-sonntag.de\/index.php\/wp-json\/wp\/v2\/pages\/915\/revisions"}],"predecessor-version":[{"id":921,"href":"https:\/\/jennifer-sonntag.de\/index.php\/wp-json\/wp\/v2\/pages\/915\/revisions\/921"}],"wp:attachment":[{"href":"https:\/\/jennifer-sonntag.de\/index.php\/wp-json\/wp\/v2\/media?parent=915"}],"curies":[{"name":"wp","href":"https:\/\/api.w.org\/{rel}","templated":true}]}}